d 701456?
112
Calculate the highest common divisor of 2401 and 1923642.
49
What is the highest common factor of 6 and 547414?
2
What is the highest common divisor of 3425 and 2045855?
5
What is the highest common divisor of 8939556 and 2196?
36
Calculate the greatest common factor of 11799 and 80477.
23
Calculate the greatest common divisor of 9043 and 9062.
1
What is the highest common factor of 7088 and 134269756?
1772
What is the highest common factor of 108 and 6437934?
54
Calculate the highest common factor of 906855 and 435.
15
What is the highest common factor of 55 and 61019992?
11
Calculate the highest common divisor of 62650 and 927578.
358
What is the greatest common divisor of 700 and 4357360?
140
Calculate the highest common divisor of 19908 and 33458949.
711
Calculate the greatest common factor of 12464094 and 867.
51
What is the highest common factor of 144 and 22178800?
16
What is the highest common factor of 72237564 and 29574?
558
What is the highest common factor of 166044498 and 138?
138
What is the highest common factor of 775385158 and 158?
158
What is the highest common factor of 31774792 and 504?
56
What is the highest common divisor of 281819146 and 182?
14
Calculate the greatest common factor of 7533 and 5127648.
93
Calculate the greatest common factor of 97481 and 17537512.
2267
Calculate the greatest common divisor of 104465867 and 748.
187
Calculate the highest common factor of 493578 and 408.
102
Calculate the greatest common factor of 1302597 and 99.
9
What is the greatest common divisor of 31739120 and 65968?
2128
Calculate the highest common factor of 44 and 10148028.
44
Calculate the greatest common factor of 429044 and 88157.
199
What is the greatest common divisor of 3023597 and 3205?
641
Calculate the greatest common divisor of 29823 and 725762587.
9941
Calculate the greatest common factor of 1472 and 72210340.
92
Calculate the highest common divisor of 166049 and 2899.
13
Calculate the greatest common factor of 1059 and 19293.
3
Calculate the highest common divisor of 1652076 and 2916.
324
Calculate the greatest common divisor of 1101 and 66831.
3
What is the highest common factor of 1938639 and 3677776?
4337
What is the greatest common factor of 1345116 and 619368?
2364
What is the highest common divisor of 4635 and 976680?
45
Calculate the greatest common divisor of 1113 and 87213.
21
Calculate the greatest common factor of 1305 and 56424285.
1305
What is the highest common factor of 138 and 46446591?
69
What is the greatest common factor of 21139772 and 32368?
1156
What is the highest common factor of 24240390 and 161?
23
Calculate the greatest common divisor of 6175 and 7854925.
325
Calculate the greatest common divisor of 1339825 and 550.
25
Calculate the highest common factor of 1263611 and 6161.
101
What is the highest common factor of 2016200 and 175?
25
What is the highest common divisor of 48323 and 282489?
191
What is the greatest common factor of 23387846 and 2344?
586
Calculate the greatest common divisor of 9898 and 502172.
202
Calculate the greatest common divisor of 34672 and 232.
8
What is the highest common divisor of 4813391 and 237?
79
What is the greatest common divisor of 2035 and 3742915?
55
What is the highest common factor of 4895 and 4776185?
445
What is the highest common factor of 15622 and 4571771?
73
Calculate the greatest common factor of 31 and 113289097.
31
What is the highest common divisor of 497640 and 259480?
520
What is the highest common divisor of 615786 and 1131?
87
What is the greatest common factor of 115731116 and 222?
74
Calculate the greatest common divisor of 387256 and 952.
8
Calculate the highest common factor of 87792 and 173106.
354
What is the greatest common divisor of 342467544 and 48?
24
Calculate the greatest common factor of 5907 and 1316733.
33
What is the greatest common factor of 66162 and 294?
6
Calculate the greatest common divisor of 12 and 955159068.
12
What is the highest common divisor of 1210052122 and 236?
118
Calculate the greatest common divisor of 160548 and 1315077.
2361
What is the greatest common divisor of 112488 and 13176?
24
What is the greatest common factor of 265012302 and 414?
138
Calculate the highest common divisor of 15407100 and 885780.
3420
Calculate the highest common divisor of 640 and 49330.
10
Calculate the highest common divisor of 8806 and 35210014.
518
Calculate the greatest common factor of 2057172 and 1248.
156
What is the highest common divisor of 29080507 and 152?
19
What is the greatest common divisor of 49705288 and 56712?
1112
Calculate the highest common factor of 2767600 and 1591.
37
What is the highest common divisor of 2557 and 283517603?
2557
Calculate the greatest common factor of 19437 and 1485737.
341
Calculate the greatest common divisor of 3011092 and 6944.
868
What is the greatest common factor of 4121514 and 8028?
18
Calculate the highest common divisor of 3112 and 41417608.
3112
What is the greatest common factor of 6600 and 901032?
264
What is the highest common divisor of 292622 and 173162?
22
What is the highest common divisor of 7693 and 31871?
1099
What is the highest common divisor of 70373940 and 245?
35
What is the highest common divisor of 13420308 and 264?
132
What is the greatest common divisor of 40 and 34937990?
10
Calculate the greatest common factor of 2381900 and 475.
25
Calculate the greatest common divisor of 463670 and 1828118.
466
Calculate the greatest common divisor of 420512063 and 394.
197
Calculate the highest common divisor of 3388 and 270788.
28
Calculate the highest common divisor of 7282784 and 3404.
148
What is the greatest common factor of 653795824 and 176?
176
What is the greatest common divisor of 495900240 and 8096?
4048
What is the greatest common factor of 27506539 and 1402?
701
Calculate the highest common divisor of 159316 and 1612.
4
What is the highest common divisor of 950 and 420190130?
190
Calculate the greatest common divisor of 2015465 and 215.
5
What is the greatest common divisor of 4401564 and 114708?
948
What is the highest common divisor of 80650112 and 8?
8
Calculate the greatest common divisor of 314701 and 4349993.
809
What is the greatest common factor of 23 and 3775381?
23
Calculate the highest common divisor of 520 and 1828158280.
520
What is the highest common divisor of 1697925 and 3675?
75
Calculate the highest common factor of 382 and 1829398.
382
What is the highest common divisor of 790356 and 22989?
291
Calculate the greatest common divisor of 10718345 and 56925.
1265
Calculate the highest common divisor of 109061589 and 156.
39
Calculate the greatest common divisor of 130884 and 324.
12
What is the greatest common divisor of 6161838 and 2553?
69
What is the greatest common factor of 40 and 4556980?
20
Calculate the highest common factor of 99 and 5255954.
11
What is the highest common divisor of 9741967 and 310?
31
Calculate the highest common divisor of 131287 and 741.
13
What is the highest common factor of 1000720 and 1290240?
560
Calculate the highest common divisor of 48698520 and 740.
20
Calculate the greatest common divisor of 239 and 56621012.
239
Calculate the highest common divisor of 3698442 and 4986.
18
What is the highest common divisor of 161 and 165668517?
161
What is the greatest common divisor of 123 and 11453227?
41
Calculate the greatest common divisor of 1039068 and 3024.
108
Calculate the highest common factor of 6 and 9553893.
3
Calculate the highest common divisor of 460 and 26622592.
92
Calculate the highest common factor of 861 and 771754767.
861
Calculate the highest common factor of 993497 and 17.
17
What is the highest common factor of 22 and 647168?
2
Calculate the highest common factor of 7936 and 13232.
16
What is the highest common factor of 156228 and 1580986?
94
What is the highest common factor of 29709889 and 176?
11
What is the highest common factor of 362604 and 2211?
2211
What is the highest common divisor of 50002599 and 1803?
1803
What is the greatest common factor of 1930878 and 34236?
54
What is the greatest common factor of 106296 and 1788800?
344
What is the greatest common divisor of 17 and 12045622?
17
What is the highest common divisor of 612432 and 64?
16
What is the greatest co